
What is the thousands digit of 62791017?
1
What is the ten millions digit of 3023772305?
2
What is the units digit of 10807533?
3
What is the units digit of 164357218?
8
What is the ten millions digit of 1621634470?
2
What is the ten thousands digit of 468044544?
4
What is the hundred millions digit of 1803015240?
8
What is the millions digit of 36694128?
6
What is the hundred thousands digit of 893879004?
8
What is the hundred millions digit of 940084514?
9
What is the thousands digit of 4388341832?
1
What is the hundred thousands digit of 458159056?
1
What is the thousands digit of 14048265?
8
What is the units digit of 43860447?
7
What is the hundred millions digit of 332565602?
3
What is the thousands digit of 51179335?
9
What is the ten millions digit of 166727493?
6
What is the hundreds digit of 26398110?
1
What is the thousands digit of 2090036675?
6
What is the tens digit of 75013237?
3
What is the ten millions digit of 158373565?
5
What is the ten millions digit of 276667069?
7
What is the ten thousands digit of 31558854?
5
What is the hundred thousands digit of 501239955?
2
What is the tens digit of 1062181944?
4
What is the units digit of 1037721911?
1
What is the tens digit of 29793659?
5
What is the millions digit of 43026064?
3
What is the millions digit of 295449262?
5
What is the tens digit of 404552261?
6
What is the hundreds digit of 1670337447?
4
What is the tens digit of 1244218166?
6
What is the thousands digit of 2075501875?
1
What is the units digit of 261451301?
1
What is the hundred millions digit of 5263169386?
2
What is the thousands digit of 1241230368?
0
What is the ten millions digit of 56496764?
5
What is the hundreds digit of 2948338?
3
What is the ten millions digit of 642909261?
4
What is the hundreds digit of 2437882090?
0
What is the billions digit of 1011889781?
1
What is the ten thousands digit of 2128826138?
2
What is the billions digit of 2230004986?
2
What is the hundred thousands digit of 262727740?
7
What is the units digit of 458411119?
9
What is the hundred millions digit of 4325909467?
3
What is the thousands digit of 354535068?
5
What is the thousands digit of 814426104?
6
What is the units digit of 91342125?
5
What is the hundred thousands digit of 519890050?
8
What is the tens digit of 2235742321?
2
What is the tens digit of 3114530?
3
What is the hundred millions digit of 590382943?
5
What is the hundreds digit of 22030426?
4
What is the millions digit of 254781427?
4
What is the ten thousands digit of 843440026?
4
What is the ten millions digit of 386831439?
8
What is the hundreds digit of 607278958?
9
What is the ten thousands digit of 2137639385?
3
What is the hundreds digit of 701986105?
1
What is the hundred millions digit of 3123513534?
1
What is the thousands digit of 884195352?
5
What is the units digit of 52480975?
5
What is the tens digit of 254183239?
3
What is the millions digit of 15817652?
5
What is the ten millions digit of 762629334?
6
What is the hundreds digit of 415367557?
5
What is the hundred thousands digit of 6121877575?
8
What is the hundred millions digit of 537454565?
5
What is the hundreds digit of 2275633570?
5
What is the hundreds digit of 80107098?
0
What is the tens digit of 7641677757?
5
What is the ten thousands digit of 3818153656?
5
What is the thousands digit of 55857243?
7
What is the ten thousands digit of 97404083?
0
What is the millions digit of 21124277?
1
What is the hundred millions digit of 390465821?
3
What is the hundreds digit of 42166361?
3
What is the thousands digit of 76739570?
9
What is the hundreds digit of 493698239?
2
What is the ten thousands digit of 220976421?
7
What is the thousands digit of 3524853?
4
What is the hundred millions digit of 4693633424?
6
What is the hundreds digit of 640838838?
8
What is the thousands digit of 2714966152?
6
What is the ten thousands digit of 56409238?
0
What is the millions digit of 56507530?
6
What is the tens digit of 2981673289?
8
What is the millions digit of 4849837?
4
What is the hundred thousands digit of 108029223?
0
What is the thousands digit of 20604445?
4
What is the hundred thousands digit of 40364857?
3
What is the ten millions digit of 67363174?
6
What is the hundreds digit of 1210900308?
3
What is the tens digit of 1212931017?
1
What is the hundred thousands digit of 145376891?
3
What is the units digit of 210899540?
0
What is the millions digit of 233727459?
3
What is the hundred thousands digit of 1789948476?
9
What is the millions digit of 117230994?
7
What is the ten thousands digit of 116971528?
7
What is the tens digit of 5357419791?
9
What is the ten thousands digit of 482828477?
2
What is the hundreds digit of 9604004?
0
What is the hundred millions digit of 1661751144?
6
What is the millions digit of 18339127?
8
What is the ten thousands digit of 88190819?
9
What is the ten thousands digit of 243246476?
4
What is the units digit of 659309174?
4
What is the hundred millions digit of 135279851?
1
What is the hundreds digit of 60583459?
4
What is the billions digit of 5246298900?
5
What is the thousands digit of 2346372692?
2
What is the hundred millions digit of 232959363?
2
What is the ten millions digit of 60895183?
6
What is the hundreds digit of 868404272?
2
What is the tens digit of 84476890?
9
What is the thousands digit of 18829994?
9
What is the hundreds digit of 6505748055?
0
What is the tens digit of 2856577155?
5
What is the hundreds digit of 3277672?
6
What is the tens digit of 40245627?
2
What is the millions digit of 1273906114?
3
What is the thousands digit of 33672578?
2
What is the ten millions digit of 218929376?
1
What is the tens digit of 22906755?
5
What is the hundred thousands digit of 1659224155?
2
What is the millions digit of 883651666?
3
What is the units digit of 923547902?
2
What is the ten thousands digit of 3065027063?
2
What is the thousands digit of 3730119007?
9
What is the units digit of 11151118?
8
What is the units digit of 2532445664?
4
What is the thousands digit of 122192627?
2
What is the hundred millions digit of 134988860?
1
What is the hundred thousands digit of 243246298?
2
What is the thousands digit of 31067993?
7
What is the tens digit of 939536784?
8
What is the ten thousands digit of 27804027?
0
What is the ten thousands digit of 4061827349?
2
What is the ten thousands digit of 354301089?
0
What is the ten millions digit of 187200966?
8
What is the hundreds digit of 163308147?
1
What is the hundred millions digit of 1317560001?
3
What is the hundreds digit of 456995012?
0
What is the millions digit of 550787145?
0
What is the ten thousands digit of 30302321?
0
What is the tens digit of 24132066?
6
What is the tens digit of 248072596?
9
What is the tens digit of 92925677?
7
What is the ten millions digit of 15698677?
1
What is the hundred millions digit of 204639184?
2
What is the tens digit of 267231186?
8
What is the hundred millions digit of 206624534?
2
What is the tens digit of 61517008?
0
What is the units digit of 65173985?
5
What is the ten thousands digit of 264242393?
4
What is the billions digit of 1438660034?
1
What is the hundred thousands digit of 4294638549?
6
What is the hundreds digit of 64791367?
3
What is the tens digit of 1387574492?
9
What is the hundreds digit of 50036562?
5
What is the ten thousands digit of 727291745?
9
What is the hundreds digit of 1078157536?
5
What is the ten millions digit of 256280557?
5
What is the thousands digit of 1298633452?
3
What is the hundred thousands digit of 60911789?
9
What is the ten thousands digit of 582589528?
8
What is the ten thousands digit of 144724173?
2
What is the units digit of 197279791?
1
What is the hundreds digit of 35109273?
2
What is the millions digit of 2438422?
2
What is the ten millions digit of 38315340?
3
What is the ten thousands digit of 431135874?
3
What is the tens digit of 272421358?
5
What is the hundred thousands digit of 96399733?
3
What is the ten thousands digit of 68975431?
7
What is the hundred thousands digit of 39281225?
2
What is the hundred thousands digit of 920814787?
8
What is the hundred thousands digit of 328255372?
2
What is the billions digit of 7524832610?
7
What is the tens digit of 21211271?
7
What is the thousands digit